{"id":2527,"date":"2019-08-12T14:29:25","date_gmt":"2019-08-12T12:29:25","guid":{"rendered":"https:\/\/www.villadina.net\/willkommen\/"},"modified":"2021-12-16T12:39:09","modified_gmt":"2021-12-16T11:39:09","slug":"willkommen","status":"publish","type":"page","link":"https:\/\/www.villadina.net\/de\/willkommen\/","title":{"rendered":"Willkommen"},"content":{"rendered":"<p>[vc_row full_width=&#8221;stretch_row&#8221; row_type=&#8221;row_full_center_content&#8221; class=&#8221;about-info-box&#8221; el_class=&#8221;about-us-padding-top about-info-box&#8221;][vc_column width=&#8221;2\/3&#8243; el_class=&#8221;specify-width-acc-responsive&#8221;][vc_column_text]<\/p>\n<div class=\"sec-header3\">\n<h2>Willkommen<\/h2>\n<h3>Villa Dina<\/h3>\n<\/div>\n<p>[\/vc_column_text][vc_column_text el_class=&#8221;about-info-box&#8221;]<strong>Die Villa Dina<\/strong> ist eine touristische Appartementanlage ca. 800 m vom historischen Zentrum von Riva del Garda in einem <strong>\u00fcber 2000 qm gro\u00dfen Park<\/strong> gelegen.<br \/>\nSie bietet unterschiedlich gro\u00dfe Ferienwohnungen, mit\u00a0 1 oder 2 Schlafr\u00e4ume, Wohnzimmer mit Schlafcouch u. kompletter Kochecke, Bad mit Dusche, Balkon und alle sind praktisch und funktionell mit Sat-TV, Klimaanlage und kostenlosem Wi-Fi-Internetanschluss eingerichtet.<br \/>\nUnseren G\u00e4sten steht ein <strong>gro\u00dfer beheizter Au\u00dfenpool<\/strong> (12,50 x 6 m) und ein <strong>kleiner runder Kinderpool<\/strong>, sowie ein <strong>Sportplatz<\/strong> f\u00fcr Basket- u. Volleyball zur Verf\u00fcgung. Weiter gibt es eine Tischtennisplatte und die ganz Kleinen k\u00f6nnen im kleinen Holzh\u00e4uschen mit Sandkasten und Schaukel im Garten spielen. Unter einem gro\u00dfen Baum befindet sich unter <strong>einer Holzlaube ein Barbecue-Tisch<\/strong>, wo unsere G\u00e4ste auch im Freien essen k\u00f6nnen.<br \/>\nEin kostenloser Fahrradverleih mit City-Bikes und ein gro\u00dfer Privatparkplatz runden unser Angebot im Freien ab.<br \/>\nDie Villa wird von der <strong>Familie Voltolini<\/strong> gef\u00fchrt, die dort auch wohnt und immer und jederzeit zur Verf\u00fcgung Ihrer Kunden steht.<\/p>\n<ul>\n<li><span class=\"span\">Awesome Nature<\/span><\/li>\n<li><span class=\"span\">Sport and Relax<\/span><\/li>\n<li><span class=\"span\">Online Booking<\/span><\/li>\n<\/ul>\n<p>[\/vc_column_text][\/vc_column][vc_column width=&#8221;1\/3&#8243; el_class=&#8221;img-cap-effect specify-width-acc-responsive-2&#8243; offset=&#8221;vc_hidden-sm vc_hidden-xs&#8221;][vc_single_image image=&#8221;2528&#8243; img_size=&#8221;full&#8221; el_class=&#8221;img-box img-caption&#8221;][\/vc_column][vc_column][vc_empty_space height=&#8221;100px&#8221;][\/vc_column][\/vc_row][vc_row full_width=&#8221;stretch_row&#8221; content_placement=&#8221;middle&#8221; row_type=&#8221;row_fullwidth_content&#8221; class=&#8221;pad-finish&#8221; css=&#8221;.vc_custom_1565004896757{background-color: #ffffff !important;}&#8221; el_class=&#8221;altezza-fissa-gallery&#8221;][vc_column css=&#8221;.vc_custom_1564998518365{background-color: #ffffff !important;}&#8221;][vc_gallery images=&#8221;1349,1348,1336,1224,1350,1345,1226&#8243; css=&#8221;.vc_custom_1564481941278{padding-bottom: 30px !important;}&#8221;][\/vc_column][\/vc_row]<\/p>\n","protected":false},"excerpt":{"rendered":"<p>[vc_row full_width=&#8221;stretch_row&#8221; row_type=&#8221;row_full_center_content&#8221; class=&#8221;about-info-box&#8221; el_class=&#8221;about-us-padding-top about-info-box&#8221;][vc_column width=&#8221;2\/3&#8243; el_class=&#8221;specify-width-acc-responsive&#8221;][vc_column_text] Willkommen Villa Dina [\/vc_column_text][vc_column_text el_class=&#8221;about-info-box&#8221;]Die Villa Dina ist eine touristische Appartementanlage ca. 800 m vom historischen Zentrum von Riva del Garda in einem \u00fcber 2000 qm gro\u00dfen Park gelegen. Sie bietet unterschiedlich gro\u00dfe Ferienwohnungen, mit\u00a0 1 oder 2 Schlafr\u00e4ume, Wohnzimmer mit Schlafcouch u. kompletter Kochecke, Bad mit<\/p>\n","protected":false},"author":1,"featured_media":0,"parent":0,"menu_order":0,"comment_status":"closed","ping_status":"closed","template":"","meta":{"footnotes":""},"class_list":["post-2527","page","type-page","status-publish","hentry"],"yoast_head":"<!-- This site is optimized with the Yoast SEO plugin v18.0 - https:\/\/yoast.com\/wordpress\/plugins\/seo\/ -->\n<title>Villa Dina - Family Residence - Riva del Garda - Lago di Garda<\/title>\n<meta name=\"description\" content=\"Villa Dina Family Residence a Riva del Garda,2000 mq parco,Wi-Fi gratuito, piscina riscaldata, piscina per bambini, deposito biciclette, parcheggio privato.\" \/>\n<meta name=\"robots\" content=\"index, follow, max-snippet:-1, max-image-preview:large, max-video-preview:-1\" \/>\n<link rel=\"canonical\" href=\"https:\/\/www.villadina.net\/de\/willkommen\/\" \/>\n<meta property=\"og:locale\" content=\"de_DE\" \/>\n<meta property=\"og:type\" content=\"article\" \/>\n<meta property=\"og:title\" content=\"Villa Dina - Family Residence - Riva del Garda - Lago di Garda\" \/>\n<meta property=\"og:description\" content=\"Villa Dina Family Residence a Riva del Garda,2000 mq parco,Wi-Fi gratuito, piscina riscaldata, piscina per bambini, deposito biciclette, parcheggio privato.\" \/>\n<meta property=\"og:url\" content=\"https:\/\/www.villadina.net\/de\/willkommen\/\" \/>\n<meta property=\"og:site_name\" content=\"Villa Dina\" \/>\n<meta property=\"article:modified_time\" content=\"2021-12-16T11:39:09+00:00\" \/>\n<meta name=\"twitter:card\" content=\"summary_large_image\" \/>\n<meta name=\"twitter:label1\" content=\"Gesch\u00e4tzte Lesezeit\" \/>\n\t<meta name=\"twitter:data1\" content=\"1\u00a0Minute\" \/>\n<script type=\"application\/ld+json\" class=\"yoast-schema-graph\">{\"@context\":\"https:\/\/schema.org\",\"@graph\":[{\"@type\":\"WebSite\",\"@id\":\"https:\/\/www.villadina.net\/#website\",\"url\":\"https:\/\/www.villadina.net\/\",\"name\":\"Villa Dina\",\"description\":\"Villa a gestione familiare a  Riva del Garda immersa in un parco  con piscina\",\"potentialAction\":[{\"@type\":\"SearchAction\",\"target\":{\"@type\":\"EntryPoint\",\"urlTemplate\":\"https:\/\/www.villadina.net\/?s={search_term_string}\"},\"query-input\":\"required name=search_term_string\"}],\"inLanguage\":\"de\"},{\"@type\":\"WebPage\",\"@id\":\"https:\/\/www.villadina.net\/de\/willkommen\/#webpage\",\"url\":\"https:\/\/www.villadina.net\/de\/willkommen\/\",\"name\":\"Villa Dina - Family Residence - Riva del Garda - Lago di Garda\",\"isPartOf\":{\"@id\":\"https:\/\/www.villadina.net\/#website\"},\"datePublished\":\"2019-08-12T12:29:25+00:00\",\"dateModified\":\"2021-12-16T11:39:09+00:00\",\"description\":\"Villa Dina Family Residence a Riva del Garda,2000 mq parco,Wi-Fi gratuito, piscina riscaldata, piscina per bambini, deposito biciclette, parcheggio privato.\",\"breadcrumb\":{\"@id\":\"https:\/\/www.villadina.net\/de\/willkommen\/#breadcrumb\"},\"inLanguage\":\"de\",\"potentialAction\":[{\"@type\":\"ReadAction\",\"target\":[\"https:\/\/www.villadina.net\/de\/willkommen\/\"]}]},{\"@type\":\"BreadcrumbList\",\"@id\":\"https:\/\/www.villadina.net\/de\/willkommen\/#breadcrumb\",\"itemListElement\":[{\"@type\":\"ListItem\",\"position\":1,\"name\":\"Home\",\"item\":\"https:\/\/www.villadina.net\/de\/\"},{\"@type\":\"ListItem\",\"position\":2,\"name\":\"Willkommen\"}]}]}<\/script>\n<!-- \/ Yoast SEO plugin. -->","yoast_head_json":{"title":"Villa Dina - Family Residence - Riva del Garda - Lago di Garda","description":"Villa Dina Family Residence a Riva del Garda,2000 mq parco,Wi-Fi gratuito, piscina riscaldata, piscina per bambini, deposito biciclette, parcheggio privato.","robots":{"index":"index","follow":"follow","max-snippet":"max-snippet:-1","max-image-preview":"max-image-preview:large","max-video-preview":"max-video-preview:-1"},"canonical":"https:\/\/www.villadina.net\/de\/willkommen\/","og_locale":"de_DE","og_type":"article","og_title":"Villa Dina - Family Residence - Riva del Garda - Lago di Garda","og_description":"Villa Dina Family Residence a Riva del Garda,2000 mq parco,Wi-Fi gratuito, piscina riscaldata, piscina per bambini, deposito biciclette, parcheggio privato.","og_url":"https:\/\/www.villadina.net\/de\/willkommen\/","og_site_name":"Villa Dina","article_modified_time":"2021-12-16T11:39:09+00:00","twitter_card":"summary_large_image","twitter_misc":{"Gesch\u00e4tzte Lesezeit":"1\u00a0Minute"},"schema":{"@context":"https:\/\/schema.org","@graph":[{"@type":"WebSite","@id":"https:\/\/www.villadina.net\/#website","url":"https:\/\/www.villadina.net\/","name":"Villa Dina","description":"Villa a gestione familiare a  Riva del Garda immersa in un parco  con piscina","potentialAction":[{"@type":"SearchAction","target":{"@type":"EntryPoint","urlTemplate":"https:\/\/www.villadina.net\/?s={search_term_string}"},"query-input":"required name=search_term_string"}],"inLanguage":"de"},{"@type":"WebPage","@id":"https:\/\/www.villadina.net\/de\/willkommen\/#webpage","url":"https:\/\/www.villadina.net\/de\/willkommen\/","name":"Villa Dina - Family Residence - Riva del Garda - Lago di Garda","isPartOf":{"@id":"https:\/\/www.villadina.net\/#website"},"datePublished":"2019-08-12T12:29:25+00:00","dateModified":"2021-12-16T11:39:09+00:00","description":"Villa Dina Family Residence a Riva del Garda,2000 mq parco,Wi-Fi gratuito, piscina riscaldata, piscina per bambini, deposito biciclette, parcheggio privato.","breadcrumb":{"@id":"https:\/\/www.villadina.net\/de\/willkommen\/#breadcrumb"},"inLanguage":"de","potentialAction":[{"@type":"ReadAction","target":["https:\/\/www.villadina.net\/de\/willkommen\/"]}]},{"@type":"BreadcrumbList","@id":"https:\/\/www.villadina.net\/de\/willkommen\/#breadcrumb","itemListElement":[{"@type":"ListItem","position":1,"name":"Home","item":"https:\/\/www.villadina.net\/de\/"},{"@type":"ListItem","position":2,"name":"Willkommen"}]}]}},"_links":{"self":[{"href":"https:\/\/www.villadina.net\/de\/wp-json\/wp\/v2\/pages\/2527","targetHints":{"allow":["GET"]}}],"collection":[{"href":"https:\/\/www.villadina.net\/de\/wp-json\/wp\/v2\/pages"}],"about":[{"href":"https:\/\/www.villadina.net\/de\/wp-json\/wp\/v2\/types\/page"}],"author":[{"embeddable":true,"href":"https:\/\/www.villadina.net\/de\/wp-json\/wp\/v2\/users\/1"}],"replies":[{"embeddable":true,"href":"https:\/\/www.villadina.net\/de\/wp-json\/wp\/v2\/comments?post=2527"}],"version-history":[{"count":2,"href":"https:\/\/www.villadina.net\/de\/wp-json\/wp\/v2\/pages\/2527\/revisions"}],"predecessor-version":[{"id":2713,"href":"https:\/\/www.villadina.net\/de\/wp-json\/wp\/v2\/pages\/2527\/revisions\/2713"}],"wp:attachment":[{"href":"https:\/\/www.villadina.net\/de\/wp-json\/wp\/v2\/media?parent=2527"}],"curies":[{"name":"wp","href":"https:\/\/api.w.org\/{rel}","templated":true}]}}

<p>[vc_row full_width=&#8221;stretch_row&#8221; row_type=&#8221;row_full_center_content&#8221; class=&#8221;about-info-box&#8221; el_class=&#8221;about-us-padding-top about-info-box&#8221;][vc_column width=&#8221;2/3&#8243; el_class=&#8221;specify-width-acc-responsive&#8221;][vc_column_text]</p>
<div class="sec-header3">
<h2>Willkommen</h2>
<h3>Villa Dina</h3>
</div>
<p>[/vc_column_text][vc_column_text el_class=&#8221;about-info-box&#8221;]<strong>Die Villa Dina</strong> ist eine touristische Appartementanlage ca. 800 m vom historischen Zentrum von Riva del Garda in einem <strong>über 2000 qm großen Park</strong> gelegen.<br />
Sie bietet unterschiedlich große Ferienwohnungen, mit  1 oder 2 Schlafräume, Wohnzimmer mit Schlafcouch u. kompletter Kochecke, Bad mit Dusche, Balkon und alle sind praktisch und funktionell mit Sat-TV, Klimaanlage und kostenlosem Wi-Fi-Internetanschluss eingerichtet.<br />
Unseren Gästen steht ein <strong>großer beheizter Außenpool</strong> (12,50 x 6 m) und ein <strong>kleiner runder Kinderpool</strong>, sowie ein <strong>Sportplatz</strong> für Basket- u. Volleyball zur Verfügung. Weiter gibt es eine Tischtennisplatte und die ganz Kleinen können im kleinen Holzhäuschen mit Sandkasten und Schaukel im Garten spielen. Unter einem großen Baum befindet sich unter <strong>einer Holzlaube ein Barbecue-Tisch</strong>, wo unsere Gäste auch im Freien essen können.<br />
Ein kostenloser Fahrradverleih mit City-Bikes und ein großer Privatparkplatz runden unser Angebot im Freien ab.<br />
Die Villa wird von der <strong>Familie Voltolini</strong> geführt, die dort auch wohnt und immer und jederzeit zur Verfügung Ihrer Kunden steht.</p>
<ul>
<li><span class="span">Awesome Nature</span></li>
<li><span class="span">Sport and Relax</span></li>
<li><span class="span">Online Booking</span></li>
</ul>
<p>[/vc_column_text][/vc_column][vc_column width=&#8221;1/3&#8243; el_class=&#8221;img-cap-effect specify-width-acc-responsive-2&#8243; offset=&#8221;vc_hidden-sm vc_hidden-xs&#8221;][vc_single_image image=&#8221;2528&#8243; img_size=&#8221;full&#8221; el_class=&#8221;img-box img-caption&#8221;][/vc_column][vc_column][vc_empty_space height=&#8221;100px&#8221;][/vc_column][/vc_row][vc_row full_width=&#8221;stretch_row&#8221; content_placement=&#8221;middle&#8221; row_type=&#8221;row_fullwidth_content&#8221; class=&#8221;pad-finish&#8221; css=&#8221;.vc_custom_1565004896757{background-color: #ffffff !important;}&#8221; el_class=&#8221;altezza-fissa-gallery&#8221;][vc_column css=&#8221;.vc_custom_1564998518365{background-color: #ffffff !important;}&#8221;][vc_gallery images=&#8221;1349,1348,1336,1224,1350,1345,1226&#8243; css=&#8221;.vc_custom_1564481941278{padding-bottom: 30px !important;}&#8221;][/vc_column][/vc_row]</p>

<p>[vc_row full_width=&#8221;stretch_row&#8221; row_type=&#8221;row_full_center_content&#8221; class=&#8221;about-info-box&#8221; el_class=&#8221;about-us-padding-top about-info-box&#8221;][vc_column width=&#8221;2/3&#8243; el_class=&#8221;specify-width-acc-responsive&#8221;][vc_column_text] Willkommen Villa Dina [/vc_column_text][vc_column_text el_class=&#8221;about-info-box&#8221;]Die Villa Dina ist eine touristische Appartementanlage ca. 800 m vom historischen Zentrum von Riva del Garda in einem über 2000 qm großen Park gelegen. Sie bietet unterschiedlich große Ferienwohnungen, mit  1 oder 2 Schlafräume, Wohnzimmer mit Schlafcouch u. kompletter Kochecke, Bad mit</p>

<!-- This site is optimized with the Yoast SEO plugin v18.0 - https://yoast.com/wordpress/plugins/seo/ -->
<title>Villa Dina - Family Residence - Riva del Garda - Lago di Garda</title>
<meta name="description" content="Villa Dina Family Residence a Riva del Garda,2000 mq parco,Wi-Fi gratuito, piscina riscaldata, piscina per bambini, deposito biciclette, parcheggio privato." />
<meta name="robots" content="index, follow, max-snippet:-1, max-image-preview:large, max-video-preview:-1" />
<link rel="canonical" href="https://www.villadina.net/de/willkommen/" />
<meta property="og:locale" content="de_DE" />
<meta property="og:type" content="article" />
<meta property="og:title" content="Villa Dina - Family Residence - Riva del Garda - Lago di Garda" />
<meta property="og:description" content="Villa Dina Family Residence a Riva del Garda,2000 mq parco,Wi-Fi gratuito, piscina riscaldata, piscina per bambini, deposito biciclette, parcheggio privato." />
<meta property="og:url" content="https://www.villadina.net/de/willkommen/" />
<meta property="og:site_name" content="Villa Dina" />
<meta property="article:modified_time" content="2021-12-16T11:39:09+00:00" />
<meta name="twitter:card" content="summary_large_image" />
<meta name="twitter:label1" content="Geschätzte Lesezeit" />
	<meta name="twitter:data1" content="1 Minute" />
<script type="application/ld+json" class="yoast-schema-graph">{"@context":"https://schema.org","@graph":[{"@type":"WebSite","@id":"https://www.villadina.net/#website","url":"https://www.villadina.net/","name":"Villa Dina","description":"Villa a gestione familiare a  Riva del Garda immersa in un parco  con piscina","potentialAction":[{"@type":"SearchAction","target":{"@type":"EntryPoint","urlTemplate":"https://www.villadina.net/?s={search_term_string}"},"query-input":"required name=search_term_string"}],"inLanguage":"de"},{"@type":"WebPage","@id":"https://www.villadina.net/de/willkommen/#webpage","url":"https://www.villadina.net/de/willkommen/","name":"Villa Dina - Family Residence - Riva del Garda - Lago di Garda","isPartOf":{"@id":"https://www.villadina.net/#website"},"datePublished":"2019-08-12T12:29:25+00:00","dateModified":"2021-12-16T11:39:09+00:00","description":"Villa Dina Family Residence a Riva del Garda,2000 mq parco,Wi-Fi gratuito, piscina riscaldata, piscina per bambini, deposito biciclette, parcheggio privato.","breadcrumb":{"@id":"https://www.villadina.net/de/willkommen/#breadcrumb"},"inLanguage":"de","potentialAction":[{"@type":"ReadAction","target":["https://www.villadina.net/de/willkommen/"]}]},{"@type":"BreadcrumbList","@id":"https://www.villadina.net/de/willkommen/#breadcrumb","itemListElement":[{"@type":"ListItem","position":1,"name":"Home","item":"https://www.villadina.net/de/"},{"@type":"ListItem","position":2,"name":"Willkommen"}]}]}</script>
<!-- / Yoast SEO plugin. -->
